3
24
Evaluate ((2 - -3) + -10 + 5 - -30) + (82 - 89).
23
Calculate (-29 - -8) + 7 + 7 + -21.
-28
Evaluate -33 + 44 - (-61 + 57).
15
Calculate 87 + -68 + (-52 - -7 - -80).
54
What is 62 + (25 - (40 + 10 + -12))?
49
What is the value of 0 + (20 - (6 - (0 - -9))) + (-19 - -23)?
27
What is -9 - (65 - 74 - (-3 - -54 - 2))?
49
Evaluate 10 + -8 + 2 + -6 + 8 - 23.
-17
Calculate 2 + -4 + 3 + -110 + 21 + (-241 - -221).
-108
(-8 - -1 - (-58 - -43 - -12)) + 9 + 0
5
66 - (26 - (46 + -8 + -6 + -15))
57
(-2042 - -2046) + (9 - -4)
17
What is 26 + 24 + -77 + 40 - (0 - (1 - 119))?
-105
What is -10 - (-1 + 6 + -6 + 10 + -6 + 28)?
-41
3 + (-9 - 2) + (2 - 3 - -36)
27
What is -68 - ((67 - 12) + -23 + -57)?
-43
What is 7 + (-9 - 16) + -18 - (3 - 14)?
-25
Evaluate 2 + 19 - (-1 + (-4 - -9)) - (2231 + -2237).
23
Calculate 75 + -1 + -6 + -1 + (1 - -12).
80
Evaluate (-1 - (-3 + -1)) + -1 + -14 + (317 - 332).
-27
What is 8 + 15 - (-32 + 14 + 12 + -67)?
96
What is 44 + 1 + (5836 - 5827)?
54
What is -12 - (21 + (-17 + 9 - -1)) - (-7 + 15)?
-34
Calculate (-27 - (-40 + (-11 - 4))) + 33.
61
What is -59 - (-100 + 38 - -29)?
-26
What is the value of (0 - (-2 - 24) - 6) + (-14 - (-17 + 11))?
12
What is 4 + (-11 - (0 + -7 + 18))?
-18
-8 - -7 - 3 - -51 - -1 - -1 - 6
43
What is -12639 + 12615 - (-151 - 2)?
129
Calculate (0 - 95) + (8176 - 8023).
58
What is the value of -17 + 29 + 26 + -57 + (-44 - 0)?
-63
Calculate 15 - (0 + 3 + -14 + 529 + -572).
69
What is -43 + (-9 - -53) + -36 + -5?
-40
-41 + (15 - -18) - (22 - 2)
-28
What is the value of (45 - 15 - -19) + (0 - -1) + -7 + 12?
55
What is the value of 35 + (46 - 42) + (4 - -3 - 3)?
43
What is (3 - 27) + (25 - 136 - -213)?
78
Calculate 9 - (1 + 4 - (-1197 + 1199)).
6
Evaluate 11 + (-1 - 0) - (-40 - (-43 + 0)).
7
What is (-6 - -4) + (-1 - (0 + 0)) + (-3567 - -3566)?
-4
What is the value of (52 - (-5 + 57)) + -94 + 0 + -1 + -5?
-100
Evaluate -39 - -1 - (-2924 - -2934).
-48
Calculate -15 + (7 - ((-13 - -21) + -4)).
-12
(-24 - -5) + -17 + 21 + 9
-6
(43 - -12 - -19) + 50 + -6
118
0 - -3 - (25 - (86 - 42))
22
What is 5 + 2 + 4 + -15 + 0 + -14?
-18
What is the value of -74 + -13 + (56 - 9)?
-40
-2 - -15 - 7 - (4 + -3 + (-13 - -57))
-39
(4 - (-2 + 1) - (-23 - -28)) + -281 + 222
-59
(-15 - (-7 + -40 + 16)) + 17
33
What is -12 + (20 - (15 - 7 - -18)) + 12?
-6
What is (-3 - (-16 - (-56 - -21))) + -89?
-111
Calculate 25 - (-11 + 49 + -47).
34
What is 134 + -120 + (-6 + 2 - 5)?
5
What is (-7 - -24) + 34 + -82?
-31
(-52 - -73) + -28 + 29
22
Evaluate -3 - -90 - ((-2 - 16) + -121 + 147).
79
(64 - 58) + -3 + 4 - ((-3 - 0) + 5)
5
What is (75 + -30 - (-10 + -11)) + -7?
59
-557 + 656 - ((1 - 3 - (4 + -5)) + 12)
88
Evaluate 51 + -62 + -29 + (11 - 0).
-29
Evaluate 40 + -31 + (-24 - 5) - -98.
78
Evaluate 7 + (-18 + 5 - -21) + -19 + (-1 - -4).
-1
(-334 - -317) + (-15 - -2) - (-5 + (-4 - -7))
-28
Calculate 11 - -3 - 3 - -2 - (-2 - 0).
15
Calculate (-3 - (-10 - 14) - 46) + 17.
-8
Calculate (72 + -24 - -77) + (-31 - -7) - (0 - 2).
103
What is (10 + -6 - -11 - (45 - 39)) + -15?
-6
Evaluate -11 - (-1 + (-5 - -3) + -4 + 44).
-48
Calculate (-18 - -8) + -128 + 153.
15
Calculate 86 + 0 + (-230 - -128).
-16
(-12 + 9 - 9) + 25 + -4 - (27 + -2)
-16
-48 + -38 + 118 - 0
32
What is 12 + 113 - (165 + -178)?
138
What is -98 + 50 + -35 + -23?
-106
What is the value of 1029 - 973 - (1 + 38)?
17
-5 + 3 + 2739 + -2840
-103
Evaluate -31 + 7 + (13 - 2) + (-29 - -9).
-33
What is the value of 16 + (-10 - 9 - 5) + (-25 - 0 - -2)?
-31
(2 - -3) + 3 - (-23 + -24 - -65)
-10
Evaluate (-6 + -11 - -28) + (-32 - -5 - 2).
-18
What is 33 - ((-282 - -281) + (-3 - -1) - -2)?
34
What is the value of 2 + -42 - (-161 - -141)?
-20
Evaluate -43 + -10 + 51 + -3.
-5
What is -11 + -4 + -5 + 1 + (11 - 3)?
-11
Evaluate -3 + 19 + 13 + 16 + -5.
40
Calculate 20 + (-6 - 3) + -18 + -7.
-14
What is -62 - -48 - (36 + -69)?
19
(98 - 26) + 88 + -110
50
-5 + 10 + -16 + (-3 + 2 - (0 - 28))
16
Calculate 5 + -4 + -4 + 14 + (-46 - 9) - 0.
-44
Calculate -80 + (-15 - -31) - (1 + -2 + 5 + -6).
-62
(-53 - -44 - -14) + -112 + (9 - 1)
-99
-4 + -12 - (28 - 35 - (83 - 1))
73
Calculate (2 - 17) + (-12 - -67) + -47 + -3.
-10
(97 - -10 - 89) + (5 + 2 - (-1 - -2))
24
Evaluate 36 + 0 + 8717 + -8759.
-6
What is the value of 20 - (19 - (4 - 5) - (143 + -117))?
26
(335 - 405) + 91 + 27
48
-52 + 0 + (-14 - (-14 - (1 - -5 - 16)))
-62
What is the value of 28 - (-20 + 19 + (16 - 38))?
51
Calculate -1 + (2 - (-3 - -4)) - ((38 - -25) + -26).
-37
Calculate -69 + -86 + 223 - 190.
-122
What is 94 + -157 + 88 + -17?
8
Calculate -6 + (1 - 3) + (-30 - -4) + -146 + 117.
-63
What is (7 - (-23 - -33)) + (14 - 10) + -12 + 0?
-11
Calculate -573 + 557 - (-28 - ((9 - 7) + -2)).
12
Evaluate -14 - (16 - (-13 + 46)) - 11.
-8
2 - (1 + 41) - (449 + -436) - (-1 + -9)
-43
What is the value of (-31 - -25) + -124 + 53 - (-13 + 2)?
-66
Calculate 6 + (-7 - 36) + -20.
-57
What is 34 + -39 + 11 + -7?
-1
What is the value of -57 - (9 - (-6 + 23) - -13)?
-62
What is -1 + -5 - ((-17 - -31 - -33) + -21)?
-32
What is -91 - -34 - (-69 + 85)?
-73
Calculate 102 + (-51 - -76) + (6 - -7).
140
-13 + 98 + (-64 - -23)
44
206 - (-34 + 180) - (-8 - 1)
69
What is (2 - -12 - (130 + -138)) + -14 + (13 - 4)?
17
What is 2 + 13 + 31 + 26 + -63?
9
Calculate 58 - (-3 - (25 + -19 + -7) - 14).
74
1 + 93 - (41 - (21 + 40)) - (-1 + 12)
103
What is the value of (6 - (3 + -5 + 11)) + (-29 - 5)?
-37
Evaluate 8489 + -8508 + -21 + -1.
-41
Calculate (-916 - -919) + 16 + (-1 - -4).
22
What is -1 + -27 + -3 + (53 - 37) + -24?
-39
Calculate (-1035 - -1051) + -23 + -4.
-11
Evaluate (82 - 4) + -63 + (9 - -1).
25
What is the value of (21 - 53) + 33 + (-15 - -10)?
-4
What is -23 - 35 - (0 + (1 - -7))?
-66
What is the value of 60 - (9 - -44) - (5 + (-14 - 0))?
16
Calculate 20 - (-10 - -104) - -128.
54
What is 5 - 15 - (11 - (12 + -5 - (9 - 13)))?
-10
What is the value of -28 + -19 - 12 - 28 - -8?
-79
Calculate (135 - (-9 - (-7 + -13 + -17) - 16)) + -1.
122
Calculate -6 + 21 + -5 + (0 - 0) + -43 + 4.
-29
Evaluate (0 - -1 - -8) + (39 - 54) + 13 - -19.
26
What is the value of (-119 - 1) + 13 + (-177 - -177)?
-107
Calculate (-17 - -3) + (-36 + (71 - 22) - (1 - -1)).
-3
-153 + 126 + (-69 - 13)
-109
Calculate 243 + -252 + -3 + (-60 - (-8 + 4)).
-68
What is -41 + 2 + 36 + -20 + -60?
-83
What is the value of -31 - (-116 + -10 + 18)?
77
(9 - -1) + -15 + 23 + -5 + (2 - -5)
20
What is the value of 2 - (4 - 3) - (92 - (240 - 78))?
71
What is 430 + -438 + 1 + (-3 - 2) + -1?
-13
What is the value of 11 + (7 - 10) + 13 + -9?
12
Calculate 3 + -2 - 2 - (-171 - (-328 + 167)).
9
What is (-109 - -164) + -58 + (-2 - 18)?
-23
Evaluate (22 + (-13 - 8) + -11 - (-1 + -2)) + 6.
-1
Evaluate -45 + (20 - (9 + (4 + -3 - (3 - 3)))).
-35
0 + 23 - (12 - 7 - 2) - 8 - -105
117
What is the value of (8 - 13 - (-8 - -10)) + 13 + -8?
-2
What is the value of -137 + 41 + 36 - -46?
-14
-29 + (96 - 31) + -37 + -1 + -1 + -6
-9
Calculate (55 + -54 - -4) + 3 + -25.
-17
Evaluate (191 - 408) + 212 + -2 + 18.
11
What is the value of (38 + -21 - -3) + (2 - -3) + -7 + -8?
10
Calculate 15 - (20 + 111 + 12) - -19.
-109
What is the value of (1 - -8 - (114 - 137)) + -14 + 1?
19
Calculate (-2 - -2 - (3 + -6)) + -737 + 723.
-11
-7 + (-7 - -45) + -45
-14
What is -47 + (-2 - (-11 + -4 + 12)) + 14?
-32
Evaluate 22 - (42 + -37 + 39).
-22
What is the value of 19 + (-27 - -9) + 34 + -80?
-45
What is (20 - -9) + -22 + 20 + -36?
-9
Evaluate -1 - (0 - (35 - -2)) - 1 - (-13679 - -13673).
41
What is 8 - (-19 + -17 + (7 - 4))?
41
Evaluate (-101 + 49 - -28) + 29.
5
Calculate (20161 - 20195) + 1 + 0 + 107.
74
1 - 2 - 13 - (121 + -140 + (10 - -4))
-9
What is the value of 19 - (-13 - (-27 - -7)) - -21?
33
What is the value of -6 - 1 - (-9 + -7 + 33 + 12)?
-36
What is 119 - (120 - -53) - (0 + 0 + -13)?
-41
Evaluate (-49 + -1 - (0 + -4)) + -112 + 106.
-52
What is (90 - 64) + -49 - (1 + -83)?
59
Calculate (13 - 3 - (2 + 0)) + -6 + 2.
4
Calculate 19 + 11 + -16 + 11 - (4 - 2).
23
Evaluate -16 - (-23 - (77 + -20) - (13 - -5)).
82
Evaluate (1 + 3 - -2 - -7) + -43 + -4.
-34
16 - (-19 + 58) - ((10 - 4) + 6)
-35
Calculate ((-74 - -45) + -20 - -10) + -1 + 0 + -7.
-47
What is the value of (561 - 489) + (-97 - -9)?
-16
What is the value of 4 - (4 + 11 + -21 + 31)?
-21
What is (80 - 